{"id":4156,"date":"2016-10-24T15:42:18","date_gmt":"2016-10-24T13:42:18","guid":{"rendered":"http:\/\/lugera.solutions\/ts\/?page_id=4156"},"modified":"2022-03-24T08:56:39","modified_gmt":"2022-03-24T07:56:39","slug":"talentscan","status":"publish","type":"page","link":"https:\/\/lugera.sk\/talentscan\/","title":{"rendered":"Talentscan"},"content":{"rendered":"<section class=\"l-section wpb_row row height_auto with_img\" id=\"vitajte\"><div class=\"l-section-img\" style=\"background-image: url(https:\/\/lugera.sk\/talentscan\/wp-content\/uploads\/2016\/10\/sky-min.jpg);\" data-img-width=\"1526\" data-img-height=\"859\"><\/div><div class=\"l-section-h i-cf\"><div class=\"g-cols vc_row via_flex valign_top type_default\"><div class=\"vc_col-sm-12 wpb_column vc_column_container us_animate_afb\" style=\"animation-delay:0.2s\"><div class=\"vc_column-inner\"><div class=\"wpb_wrapper\"><div class=\"w-separator size_medium\"><\/div><div class=\"g-cols wpb_row via_flex valign_top type_default\"><div class=\"vc_col-sm-6 wpb_column vc_column_container us_animate_afl\" style=\"animation-delay:0.2s\"><div class=\"vc_column-inner\"><div class=\"wpb_wrapper\">[vc_custom_heading text=&#8220;TalentScan&#8220; font_container=&#8220;tag:h1|text_align:left|color:{f3e42c97c03aab2b3bbd4f788488ffbf2745250dcfd3ee7a47d4cf238d357809}23e90e8b&#8220; use_theme_fonts=&#8220;yes&#8220; el_class=&#8220;bigheader&#8220; css=&#8220;%7B%22default%22%3A%7B%22color%22%3A%22%7Bf3e42c97c03aab2b3bbd4f788488ffbf2745250dcfd3ee7a47d4cf238d357809%7D23e90e8b%22%7D%7D&#8220;]<div class=\"w-separator size_medium\"><\/div><div class=\"wpb_text_column\"><div class=\"wpb_wrapper\"><h5 style=\"text-align: left;\"><span style=\"color: #2f2145;\">Ka\u017ed\u00fd mesiac stretn\u00fa na\u0161i konzultanti viac ako 800 kandid\u00e1tov,\u00a0ktor\u00ed s\u00fa otvoren\u00ed zmene a h\u013eadaj\u00fa nov\u00e9 kari\u00e9rne v\u00fdzvy.<\/span><\/h5>\n<h5 style=\"text-align: left;\"><span style=\"color: #2f2145;\">Teraz k nim m\u00e1te pr\u00edstup aj vy &#8211; od \u0161ikovn\u00fdch juniorov\u00a0a\u017e po sk\u00fasen\u00fdch \u0161pecialistov.<\/span><\/h5>\n<h5 style=\"text-align: left;\"><span style=\"color: #2f2145;\">\u00a0<\/span><span style=\"color: #2f2145;\">Sta\u010d\u00ed si vybra\u0165.<\/span><\/h5>\n<\/div><\/div><\/div><\/div><\/div><div class=\"vc_col-sm-6 wpb_column vc_column_container\"><div class=\"vc_column-inner\"><div class=\"wpb_wrapper\"><div class=\"w-separator size_medium\"><\/div><div class=\"w-image align_center us_animate_afr\" style=\"animation-delay:0.2s\"><div class=\"w-image-h\"><img width=\"831\" height=\"1000\" src=\"https:\/\/lugera.sk\/talentscan\/wp-content\/uploads\/2016\/10\/uvodka.png\" class=\"attachment-full size-full\" alt=\"\" loading=\"lazy\" srcset=\"https:\/\/lugera.sk\/talentscan\/wp-content\/uploads\/2016\/10\/uvodka.png 831w, https:\/\/lugera.sk\/talentscan\/wp-content\/uploads\/2016\/10\/uvodka-249x300.png 249w, https:\/\/lugera.sk\/talentscan\/wp-content\/uploads\/2016\/10\/uvodka-768x924.png 768w, https:\/\/lugera.sk\/talentscan\/wp-content\/uploads\/2016\/10\/uvodka-600x722.png 600w\" sizes=\"(max-width: 831px) 100vw, 831px\" \/><\/div><\/div><\/div><\/div><\/div><\/div><\/div><\/div><\/div><\/div><\/div><\/section><!-- Row Backgrounds --><div class=\"upb_color\" data-bg-override=\"0\" data-bg-color=\"#fdd700\" data-fadeout=\"\" data-fadeout-percentage=\"30\" data-parallax-content=\"\" data-parallax-content-sense=\"30\" data-row-effect-mobile-disable=\"true\" data-img-parallax-mobile-disable=\"true\" data-rtl=\"false\"  data-custom-vc-row=\"\"  data-vc=\"6.8.0\"  data-is_old_vc=\"\"  data-theme-support=\"\"   data-overlay=\"false\" data-overlay-color=\"\" data-overlay-pattern=\"\" data-overlay-pattern-opacity=\"\" data-overlay-pattern-size=\"\"    ><\/div><section class=\"l-section wpb_row height_medium\" id=\"hladam-kandidata\"><div class=\"l-section-h i-cf\"><div class=\"g-cols vc_row via_flex valign_top type_default\"><div class=\"vc_col-sm-3 wpb_column vc_column_container us_animate_afb\"><div class=\"vc_column-inner\"><div class=\"wpb_wrapper\"><div class=\"wpb_text_column\"><div class=\"wpb_wrapper\"><p>\u00a0<\/p>\n<\/div><\/div><\/div><\/div><\/div><div class=\"vc_col-sm-6 wpb_column vc_column_container\"><div class=\"vc_column-inner\"><div class=\"wpb_wrapper\"><div class=\"w-image align_center\"><div class=\"w-image-h\"><img width=\"194\" height=\"68\" src=\"https:\/\/lugera.sk\/talentscan\/wp-content\/uploads\/2016\/10\/logo_lugera2.png\" class=\"attachment-full size-full\" alt=\"\" loading=\"lazy\" \/><\/div><\/div>[vc_custom_heading text=&#8220;Vyh\u013ead\u00e1vanie kandid\u00e1tov&#8220; font_container=&#8220;tag:h2|text_align:center&#8220; use_theme_fonts=&#8220;yes&#8220;]<div class=\"wpjb wpjb-page-search \">\n\n        \n    \n    \n    <form action=\"https:\/\/lugera.sk\/talentscan\/hladam-kandidatov\/\" method=\"get\" class=\"wpjb-form wpjb-form-to-refine \">\n                         \n        <fieldset class=\"wpjb-fieldset-search\">\n            <legend class=\"wpjb-empty\"><\/legend>\n                                    <div class=\"wpjb-element-input-select wpjb-element-name-category\">\n\n                <label class=\"wpjb-label\">\n                    Odvetvie                                    <\/label>\n                \n                <div class=\"wpjb-field\">\n                    <select id=\"category\" name=\"category[]\" class=\" daq-multiselect daq-max-choices[9]\" multiple=\"multiple\" ><option value=\"10\" >Administrat\u00edva<\/option><option value=\"12\" >Bankovn\u00edctvo a pois\u0165ovn\u00edctvo<\/option><option value=\"16\" >Ch\u00e9mia a farm\u00e1cia<\/option><option value=\"13\" >Elektrotechnika<\/option><option value=\"14\" >Energetika<\/option><option value=\"15\" >Financie a \u00fa\u010dtovn\u00edctvo<\/option><option value=\"30\" >In\u00e9<\/option><option value=\"17\" >Informa\u010dn\u00e9 technol\u00f3gie a telekomunik\u00e1cie<\/option><option value=\"18\" >Kvalita a kontrola<\/option><option value=\"19\" >Logistika a transport<\/option><option value=\"20\" >\u013dudsk\u00e9 zdroje<\/option><option value=\"21\" >Mana\u017ement<\/option><option value=\"22\" >Marketing, reklama a m\u00e9di\u00e1<\/option><option value=\"23\" >Obchod<\/option><option value=\"24\" >Pr\u00e1vo<\/option><option value=\"25\" >Slu\u017eby<\/option><option value=\"26\" >Stavebn\u00edctvo<\/option><option value=\"27\" >Stroj\u00e1rstvo<\/option><option value=\"28\" >V\u00fdroba<\/option><option value=\"29\" >Zdravotn\u00edctvo<\/option><\/select>                                                        <\/div>\n\n            <\/div>\n                                    <div class=\"wpjb-element-input-select wpjb-element-name-type\">\n\n                <label class=\"wpjb-label\">\n                    Kraj                                    <\/label>\n                \n                <div class=\"wpjb-field\">\n                    <select id=\"type\" name=\"type[]\" class=\" daq-multiselect daq-max-choices[9]\" multiple=\"multiple\" ><option value=\"64\"  \/><option value=\"51\" >Bansko Bystrick\u00fd<\/option><option value=\"1\" >Banskobystrick\u00fd kraj<\/option><option value=\"2\" >Bratislavsk\u00fd kraj<\/option><option value=\"63\" >Cel\u00e9 Slovensko<\/option><option value=\"53\" >Holandsko<\/option><option value=\"3\" >Ko\u0161ick\u00fd kraj<\/option><option value=\"62\" >Myjava<\/option><option value=\"52\" >Nemecko<\/option><option value=\"4\" >Nitriansky kraj<\/option><option value=\"59\" >Okres Kom\u00e1rno<\/option><option value=\"58\" >Okres Levice<\/option><option value=\"57\" >Okres Nitra<\/option><option value=\"56\" >Okres Nov\u00e9 Z\u00e1mky<\/option><option value=\"55\" >Okres Pezinok<\/option><option value=\"54\" >Okres Senec<\/option><option value=\"61\" >Pie\u0161\u0165any<\/option><option value=\"50\" >Praha<\/option><option value=\"5\" >Pre\u0161ovsk\u00fd kraj<\/option><option value=\"6\" >Tren\u010diansky kraj<\/option><option value=\"60\" >Trnava<\/option><option value=\"7\" >Trnavsk\u00fd kraj<\/option><option value=\"8\" >\u017dilinsk\u00fd kraj<\/option><option value=\"45\" >\u010cesk\u00e1 republika<\/option><option value=\"49\" >Rak\u00fasko<\/option><option value=\"31\" >Slovensk\u00e1 republika<\/option><option value=\"48\" >zahrani\u010die<\/option><\/select>                                                        <\/div>\n\n            <\/div>\n                                    <div class=\"wpjb-element-input-select wpjb-element-name-tb_seniorita\">\n\n                <label class=\"wpjb-label\">\n                    Seniorita                                    <\/label>\n                \n                <div class=\"wpjb-field\">\n                    <select id=\"tb_seniorita\" name=\"tb_seniorita[]\" class=\" daq-multiselect daq-max-choices[5]\" multiple=\"multiple\" ><option value=\"Absolvent\" >Absolvent<\/option><option value=\"Junior\" >Junior<\/option><option value=\"Mid-level\" >Mid-level<\/option><option value=\"Senior\/\u0160pecialista\" >Senior\/\u0160pecialista<\/option><option value=\"Mana\u017e\u00e9r\" >Mana\u017e\u00e9r<\/option><\/select>                                                        <\/div>\n\n            <\/div>\n                                    <div class=\"wpjb-element-input-text wpjb-element-name-query\">\n\n                <label class=\"wpjb-label\">\n                    K\u013e\u00fa\u010dov\u00e9 slovo                                    <\/label>\n                \n                <div class=\"wpjb-field\">\n                    <input id=\"query\" name=\"query\" type=\"text\"  \/>                                                        <\/div>\n\n            <\/div>\n                    <\/fieldset>\n                <fieldset style=\"text-align: right;\">\n            <legend class=\"wpjb-empty\"><\/legend>\n            <input type=\"submit\" class=\"wpjb-submit color_primary style_raised color_custom\" \n\t\t\t\t\t\tonClick=\"ga('send', 'event', 'button', 'click', 'Hladaj', 1);\"\n\t\t\t\t\t\tid=\"wpjb_submit\" value=\"H\u013eada\u0165\" style=\"background-color: #e90e8b;color: #ffffff;font-size: 19px;\" \/>\n        <\/fieldset>\n\n    <\/form>\n   <\/div>    \n       \n\n\n<\/div><\/div><\/div><div class=\"vc_col-sm-3 wpb_column vc_column_container\"><div class=\"vc_column-inner\"><div class=\"wpb_wrapper\"><\/div><\/div><\/div><\/div><\/div><\/section><section class=\"l-section wpb_row height_small\" id=\"odvetvia\"><div class=\"l-section-h i-cf\"><div class=\"g-cols vc_row via_flex valign_top type_default\"><div class=\"vc_col-sm-12 wpb_column vc_column_container us_animate_afb\"><div class=\"vc_column-inner\"><div class=\"wpb_wrapper\"><div class=\"w-image align_center\"><div class=\"w-image-h\"><img width=\"194\" height=\"68\" src=\"https:\/\/lugera.sk\/talentscan\/wp-content\/uploads\/2016\/10\/logo_lugera2.png\" class=\"attachment-full size-full\" alt=\"\" loading=\"lazy\" \/><\/div><\/div>[vc_custom_heading text=&#8220;Kandid\u00e1ti pod\u013ea odvetv\u00ed&#8220; font_container=&#8220;tag:h2|text_align:center&#8220; use_theme_fonts=&#8220;yes&#8220;]<div class=\"w-separator size_medium\"><\/div>  \n \t\n\t\t \n \n\n \n<\/div><\/div><\/div><\/div><\/div><\/section><section class=\"l-section wpb_row height_auto\"><div class=\"l-section-h i-cf\"><div class=\"g-cols vc_row via_flex valign_top type_default\"><div class=\"vc_col-sm-12 wpb_column vc_column_container\"><div class=\"vc_column-inner\"><div class=\"wpb_wrapper\"><div class=\"w-separator size_medium\"><\/div><div class=\"w-actionbox us_custom_57c5d180 has_text_color color_light controls_right\"><div class=\"w-actionbox-text\"><h2 class=\"w-actionbox-title\">Nena\u0161li ste t\u00fdch prav\u00fdch kandid\u00e1tov?<\/h2><div class=\"w-actionbox-description\"><p>Nevad\u00ed, my ich n\u00e1jdeme za v\u00e1s, sta\u010d\u00ed n\u00e1m nap\u00edsa\u0165, koho h\u013ead\u00e1te.<\/p>\n<\/div><\/div><div class=\"w-actionbox-controls\"><a class=\"w-btn us-btn-style_5\" title=\"N\u00e1js\u0165 nov\u00fdch kandid\u00e1tov\" target=\"_blank\" href=\"http:\/\/lugera.sk\/talentscan\/najdi-kandidata\/\" rel=\"noopener\" style=\"font-size:20px;\"><span class=\"w-btn-label\">N\u00e1jdite kandid\u00e1ta<\/span><\/a><\/div><\/div><div class=\"w-separator size_medium\"><\/div><\/div><\/div><\/div><\/div><\/div><\/section><!-- Row Backgrounds --><div class=\"upb_color\" data-bg-override=\"0\" data-bg-color=\"#e90e8b\" data-fadeout=\"\" data-fadeout-percentage=\"30\" data-parallax-content=\"\" data-parallax-content-sense=\"30\" data-row-effect-mobile-disable=\"true\" data-img-parallax-mobile-disable=\"true\" data-rtl=\"false\"  data-custom-vc-row=\"\"  data-vc=\"6.8.0\"  data-is_old_vc=\"\"  data-theme-support=\"\"   data-overlay=\"false\" data-overlay-color=\"\" data-overlay-pattern=\"\" data-overlay-pattern-opacity=\"\" data-overlay-pattern-size=\"\"    ><\/div>\n","protected":false},"excerpt":{"rendered":"[vc_custom_heading text=\"TalentScan\" font_container=\"tag:h1|text_align:left|color:{f3e42c97c03aab2b3bbd4f788488ffbf2745250dcfd3ee7a47d4cf238d357809}23e90e8b\" use_theme_fonts=\"yes\" el_class=\"bigheader\" css=\"%7B%22default%22%3A%7B%22color%22%3A%22%7Bf3e42c97c03aab2b3bbd4f788488ffbf2745250dcfd3ee7a47d4cf238d357809%7D23e90e8b%22%7D%7D\"] Ka\u017ed\u00fd mesiac stretn\u00fa na\u0161i konzultanti viac ako 800 kandid\u00e1tov,\u00a0ktor\u00ed s\u00fa otvoren\u00ed zmene a h\u013eadaj\u00fa nov\u00e9 kari\u00e9rne v\u00fdzvy. Teraz k nim m\u00e1te pr\u00edstup aj vy &#8211; od \u0161ikovn\u00fdch juniorov\u00a0a\u017e po sk\u00fasen\u00fdch \u0161pecialistov. \u00a0Sta\u010d\u00ed si vybra\u0165. \u00a0 [vc_custom_heading text=\"Vyh\u013ead\u00e1vanie kandid\u00e1tov\" font_container=\"tag:h2|text_align:center\" use_theme_fonts=\"yes\"] Odvetvie Administrat\u00edvaBankovn\u00edctvo a pois\u0165ovn\u00edctvoCh\u00e9mia a farm\u00e1ciaElektrotechnikaEnergetikaFinancie a \u00fa\u010dtovn\u00edctvoIn\u00e9Informa\u010dn\u00e9 technol\u00f3gie...","protected":false},"author":2,"featured_media":4614,"parent":0,"menu_order":0,"comment_status":"closed","ping_status":"closed","template":"","meta":[],"_links":{"self":[{"href":"https:\/\/lugera.sk\/talentscan\/wp-json\/wp\/v2\/pages\/4156"}],"collection":[{"href":"https:\/\/lugera.sk\/talentscan\/wp-json\/wp\/v2\/pages"}],"about":[{"href":"https:\/\/lugera.sk\/talentscan\/wp-json\/wp\/v2\/types\/page"}],"author":[{"embeddable":true,"href":"https:\/\/lugera.sk\/talentscan\/wp-json\/wp\/v2\/users\/2"}],"replies":[{"embeddable":true,"href":"https:\/\/lugera.sk\/talentscan\/wp-json\/wp\/v2\/comments?post=4156"}],"version-history":[{"count":0,"href":"https:\/\/lugera.sk\/talentscan\/wp-json\/wp\/v2\/pages\/4156\/revisions"}],"wp:featuredmedia":[{"embeddable":true,"href":"https:\/\/lugera.sk\/talentscan\/wp-json\/wp\/v2\/media\/4614"}],"wp:attachment":[{"href":"https:\/\/lugera.sk\/talentscan\/wp-json\/wp\/v2\/media?parent=4156"}],"curies":[{"name":"wp","href":"https:\/\/api.w.org\/{rel}","templated":true}]}}